3). Let q(z) = 2 + 7*z - 3 + 4 + z**2. Calculate q(k).
-7
Let t(i) = -2*i**3 - 3*i + 1. Let a(u) = u**3 - u**2 - 1. Let c(v) = 3*a(v) + t(v). Let y be -2 + 6/(-3)*-3. Calculate c(y).
2
Let a = -6 - -10. Let j be a/2 + (-4)/(-1). Let c(x) = -2*x**2 - j*x**2 + 0*x**2. What is c(1)?
-8
Let o(u) = 7*u**2 + 11*u + 4. Let l(t) = -15*t**2 - 23*t - 9. Let f(z) = 6*l(z) + 13*o(z). Calculate f(-6).
4
Let k(u) = u**2 + 4*u + 4. Let w(p) = -p**2 - 4*p - 5. Let y(h) = 6*k(h) + 5*w(h). What is y(-4)?
-1
Let f(r) = r**3 - r**2. Let s(m) = -6*m**3 + m**2 + 5*m - 3. Let t(i) = 5*f(i) + s(i). What is t(-5)?
-3
Let w(j) = -6*j - 7. Let z(i) = -7*i - 8. Let p(f) = 6*w(f) - 5*z(f). Suppose -5*c + 3 = -3*r + 1, 0 = 4*r + c + 18. Let o = r - -7. What is p(o)?
-5
Suppose 0 = -4*j + 8, 0 = t - j + 3*j + 2. Let r = 12 + -8. Let g(x) = r*x - 8*x + 2 - x**2 + 5. Give g(t).
-5
Let f(a) = 3*a**2 + 2*a + 3. Let n(d) = 2*d**2 + d + 3. Let k(p) = 4*f(p) - 5*n(p). Let m = 6 + 7. Let u = 10 - m. Calculate k(u).
6
Let d(l) = -l**2 - 6*l + 3. Let x be d(-6). Let r(n) = -n**3 + 4*n**2 - 3*n + 1. What is r(x)?
1
Let j(b) = -2*b - 2. Let w(n) = -n - 1. Let i(y) = -6*j(y) + 13*w(y). Calculate i(4).
-5
Let q(r) = r**2 - 9*r - 4. Suppose -5*i = -2*n + 2 + 25, 3*i = -5*n - 10. Let z(k) = k. Let v(x) = n*q(x) + 2*z(x). Let h be 1*(-3 - -8) + 1. Give v(h).
-10
Suppose 0 = 2*c + 1 - 3. Let l(x) be the first derivative of -1/2*x**2 + x - 1/2*x**4 + 3 + 0*x**3. Determine l(c).
-2
Suppose 0*t + 2*t = 6. Let k(v) = 3*v**2 - 4*v**2 - 2*v - t + v**3 + v + 4. Calculate k(1).
0
Let x(u) = -u**3 - 4*u**2 + 4*u + 6. Suppose 0*r + 4*r = -20. Give x(r).
11
Suppose 3 + 12 = -5*t. Let j(g) = -g**3 - 3*g**2 + g - 1. Calculate j(t).
-4
Let f(q) = q**3 + 6*q**2 - 8*q + 2. Let w be f(-7). Suppose 4*y = w*y - 15. Let l(r) = 0*r - 2*r + y + 4*r. What is l(-2)?
-1
Let s(q) be the third derivative of -q**4/24 - q**3/6 + 3*q**2. Give s(-1).
0
Let b(m) = -m**2 - m - 3. Let s(o) = o**2 + 2*o + 2. Let a(d) = -2*b(d) - 3*s(d). Give a(-3).
3
Let q(z) = z**3 - z + 4. Let t be q(0). Let c(s) = -s**3 - s**2 - 9*s + 6. Let d(n) = n**3 - n**2 + n. Let j(b) = c(b) + 2*d(b). Give j(t).
-6
Let w(q) = -q**2 - 1. Let s be (28/16)/(1/4). Let f(y) = -2*y + 15. Let j be f(s). Determine w(j).
-2
Let d(o) = o. Let u(z) = -6*z**2 - 7*z - 9. Let h(r) = r**2 - r. Let p(m) = 5*h(m) + u(m). Let c be p(-11). What is d(c)?
2
Let c(x) = -3*x - 3. Let y be c(-4). Let l be 6/y + (-14)/3. Let t(w) = 2*w - 6 + 0*w - 4*w. Determine t(l).
2
Let n(w) be the first derivative of -5*w**4/12 - w**3/6 + w**2/2 + w - 1. Let o(k) be the first derivative of n(k). Let g be 2*2/6*9/6. Calculate o(g).
-5
Let r(m) = 3*m. Let k be (1 - -1 - 6)/(-2). Suppose 0 = o - 5*t - 8, 2*t + k = o - 0*o. Give r(o).
-6
Let n(z) = 5*z**3 + 37*z**2 - 8*z + 8. Let v(f) = f**3 + 9*f**2 - 2*f + 2. Let g(k) = -2*n(k) + 9*v(k). Give g(6).
26
Suppose 3*j + 0*j + 17 = -i, -4*j = 4*i + 36. Let k be ((-6)/10)/(3/(-15)). Let f(p) = 0*p - k - p + 2 - 1. Give f(i).
3
Suppose -4*x = 1 - 5. Let d(u) = 6*u. Determine d(x).
6
Let z(k) be the second derivative of -k**3/6 + 3*k**2/2 + 24*k. Calculate z(-3).
6
Let w(u) = u**2 + 3*u. Suppose 0 = -2*n + 3*c - 16, c = -c + 8. Calculate w(n).
-2
Let f(x) = -10*x**3 - 13*x**3 + 24*x**3. Let t be (-5 - -8) + -3*1. Calculate f(t).
0
Let b(s) = s**2 - 4. Let t(n) = -n - 1. Let u(m) = -b(m) + 3*t(m). Give u(-3).
1
Let r(d) = -d**3 + d**2 - 2*d + 1. Let c = -31 + 33. What is r(c)?
-7
Let a(n) be the second derivative of n**4/12 + n**3 - 3*n. Determine a(-6).
0
Let v(b) be the third derivative of -b**6/180 - b**5/40 + b**4/12 - b**3/2 - 3*b**2. Let d(y) be the first derivative of v(y). What is d(2)?
-12
Let c(a) be the second derivative of -a**4/12 + 2*a**3/3 - 3*a**2/2 + 4*a. What is c(2)?
1
Let k(g) be the third derivative of -3*g**4/8 + g**3/6 - g**2. Let c(r) = -17*r + 2. Suppose 0 = -2*p + 10 - 0. Let j(w) = p*k(w) - 2*c(w). Give j(1).
-10
Suppose 132 + 24 = -3*y. Let t be y/14 + 6/(-21). Let p(i) = 3*i**2 + 3*i + 1. Let f(u) = 16*u**2 + 15*u + 6. Let l(k) = 2*f(k) - 11*p(k). Calculate l(t).
-3
Let y(k) be the second derivative of -5*k**4/12 - k**3/6 - 8*k. What is y(1)?
-6
Let j(m) = 2*m + 6. Let u be (3/2)/(1/2) + -8. Calculate j(u).
-4
Let q = -130 - -120. Let f(r) = -r + 9. What is f(q)?
19
Let n(l) = 3*l - 3. Let t(r) = -r. Let v(o) = n(o) + 2*t(o). Let y = -28 + 28. Give v(y).
-3
Let y(m) = m**3 - 2*m**2 + m. Let k = 4 + -2. Suppose 0*i - 5*i + 4*s + 13 = 0, 3*i = k*s + 7. Let d be y(i). Let h(x) = x. Calculate h(d).
0
Let w(o) = -o**2 + 1. Suppose 5*c - 3*x - x = 12, 0 = 5*c - 3*x - 14. Suppose 3*q + 18 = -3*l - 2*q, -2*l - 5*q - 12 = 0. Let t = c + l. What is w(t)?
-3
Let a(n) be the third derivative of -n**5/10 + n**3/6 - 2*n**2 + 21. Determine a(-1).
-5
Let g(v) be the third derivative of v**4/24 + 11*v**2. Determine g(-3).
-3
Let b(g) = 7 - 2 - g - 3. Let c be b(2). Let u(q) = -q - 2 - 3*q - q**3 - 4*q**2 + c*q**3 + 0*q**3. Determine u(-3).
1
Let m = 5 - 3. Suppose -4*s + 0 = -2*i + 4, -4*i + m*s = -8. Let w(q) = 3*q + i*q + 0*q. What is w(-1)?
-5
Let p(z) = -z**2 + 13*z - 1. Let a be p(11). Suppose 4*f = 5*k - a, 11 = -0*f - 3*f - k. Let y(v) = 2*v + 2 + v - 2*v. What is y(f)?
-2
Let y(v) = -v**2 + 10. Let u(g) = 2*g + 8. Let d be u(-4). Give y(d).
10
Let n(y) = 2*y + 5*y + 2 - 3*y**2 + 3*y. Let w(m) = m**2 - 3*m - 1. Let h(a) = 2*n(a) + 7*w(a). Calculate h(4).
9
Let b be 18/20*(-35)/(-21). Let a(u) be the first derivative of u - b*u**4 - 2 - u**2 + 2/3*u**3. What is a(1)?
-5
Let a be (-2)/(-7) + 32/(-14). Let p be ((0/3)/(-3))/1. Let i(t) = p*t**2 + 5*t - 4*t + t**2. Determine i(a).
2
Let s(t) = -t**3 - 6*t**2 + 6*t - 10. Suppose 2*r + 3 = -11. Calculate s(r).
-3
Suppose -7*j + 2*j = -30. Let h(p) = -1 - 1 + j - 7 - p. Calculate h(-4).
1
Let d(a) = -a + 6 - 16 + 2*a. Let b(u) = -2 + 4 + 4*u**2 - 1. Let t be b(1). What is d(t)?
-5
Let p(r) be the third derivative of 0*r**3 + 1/2520*r**7 + 0*r + 1/60*r**5 + 0*r**4 + 0 + 0*r**6 + r**2. Let m(n) be the third derivative of p(n). Give m(4).
8
Suppose -4*s + 10 = -p, 0 = s - 2*p + 3 - 2. Let w(c) = 13 - 4*c + s*c - 15. Determine w(-6).
4
Let m(j) be the first derivative of j**2/2 - 4*j + 24. Calculate m(9).
5
Let l(q) = -2*q**3 + q**2 - q. Let n = -4 - -6. Suppose -n*y = y. Suppose o + y = 1. Calculate l(o).
-2
Let r(c) = 3*c**3 + 2*c - 1. Let h = 14 + -13. What is r(h)?
4
Suppose 0 = 4*p - 2*u - 3 - 19, 5*p - 20 = u. Let n(i) = -7*i**3 - 2*i**2 - 6*i - 2. Let d(w) = 3*w**3 + 3*w + 1. Let b(t) = 5*d(t) + 2*n(t). What is b(p)?
1
Let o(v) = -v**2 - 5*v - 1. Let z be o(-6). Let s = 26 + z. Suppose 2*t - s + 6 = 5*u, -t = 4*u. Let i(w) = -2*w**2 - 1. Give i(u).
-3
Let r(n) be the second derivative of -1/3*n**3 + 2*n**2 + 3*n + 0. Calculate r(5).
-6
Let y = 4 - 4. Let p(l) = -2*l + y*l + l. What is p(2)?
-2
Let p = -20 + 21. Let t(u) = 24*u**2 + 7*u - 10. Let a(j) = 16*j**2 + 5*j - 7. Let z(b) = -7*a(b) + 5*t(b). Give z(p).
7
Let y(f) be the second derivative of -f**3/2 - f**2/2 - 16*f. Give y(1).
-4
Let b(h) = h**2 - 4*h - 7. Let m be 6/(-4) + (-255)/(-34). Calculate b(m).
5
Let h(s) be the second derivative of -s**5/20 - s**4/12 - s**3/3 + 3*s**2/2 - 15*s. What is h(2)?
-13
Let f(w) be the second derivative of -w**3/6 + 3*w**2/2 + 6*w. Give f(7).
-4
Let i = -201 - -207. Let n(j) = -j**2 + 7*j. Calculate n(i).
6
Let d(a) = a + 0 + 0. Let n be d(0). Let o(r) = 4*r + n*r**2 - r**2 - 3*r. Determine o(2).
-2
Let c(x) = 4*x + 2. Suppose -5*u = 0, -6 = 2*j - 5*u - 0. Determine c(j).
-10
Let g be 14/35 - 26/(-10). Suppose f + 1 = 4*n, -g*f = -15 + 6. Let i(x) = -x**3 + x**2 - 2*x + 1. What is i(n)?
-1
Let j(r) = -2*r + 3. Let b(p) = 3*p - 4. Let f(a) = -5*b(a) - 7*j(a). What is f(4)?
-5
Let r(j) = -j**3 - 7*j**2 - 5*j. Let k be (-17)/(-5) + 12/(-30). Suppose 3*t = 4*o + 39, -t = -2*o + k*t - 32. What is r(o)?
-6
Let f(m) = m**2 + 7*m + 5. Suppose -18 = 3*c + 2*x, -2*c + c + 4*x = -8. Determine f(c).
-7
Suppose -4*l + 3*y + 7 = 0, 4*l - 4 = 6*y - 2*y. Let w(f) be the third derivative of 0*f + 1/24*f**l - 4*f**2 + 0 + 1/6*f**3. Give w(5).
6
Let z(i) = 3*i - 39. Let d be z(10). Let j(k) = k**3 + 9*k**2 + 4*k + 10. Calculate j(d).
-26
Let s = 43 + -37. Let b(t) be the third derivative of t**6/120 - 7*t